-5
Let n(k) = k**3 + 3*k**2 + 2*k + 2. Suppose -46*c = -48*c + 26. Suppose -a + 1 = 0, -2*o - 15*a - 4 = -c*a. What is n(o)?
-4
Let l(b) be the first derivative of 3*b**4/2 + b**3/3 - b**2/2 - b + 4. Let n = 95 + -66. Suppose n = -6*k + 23. What is l(k)?
-5
Let t(x) be the first derivative of 1/20*x**5 - 18 + 13/2*x**2 + 0*x**3 - 1/24*x**4 + 0*x. Let p(k) be the second derivative of t(k). Determine p(2).
10
Suppose -32 = -3*t - w, -21*t = -26*t - w + 56. Let s(n) = -53 + t + 12 + 10 + 11 + 4*n. What is s(3)?
4
Let h(u) be the second derivative of u**4/12 - 4*u**3/3 + 3*u**2 + 765*u - 30. Suppose 0 = l - 2 - 3. Calculate h(l).
-9
Let r = 7413 + -7404. Let g(f) = -f**3 + 10*f**2 - 4*f - 15. What is g(r)?
30
Let x(b) = 31*b**2 + 9*b - 5. Let w(n) = -16*n**2 - 5*n + 3. Let u(a) = 7*w(a) + 4*x(a). Let c = 50233 - 50234. What is u(c)?
12
Suppose 28 + 93 = -11*d. Let r(p) = -4*p + 24. Let x(w) = -5*w - 35. Let f(m) = 2*m + 17. Let t(n) = 9*f(n) + 4*x(n). Let y(u) = d*t(u) + 6*r(u). Give y(4).
-7
Let n be (5 + 1)/3 + ((-900)/(-10))/(-3). Let u(c) = 4*c + 107. Give u(n).
-5
Let p(d) = -2338410 + 2338491 - 4*d - 3*d. Calculate p(11).
4
Suppose 4*t + 24 = 4*f, -2*f = -t + 3*f - 14. Let p be (0 - t) + 0 + -10 + 8. Let y(j) = -5*j + 2. Calculate y(p).
-8
Suppose d - 3*c - 113 = 0, 4*c = 6*d - d - 587. Suppose -6*o = -235 - d. Let x(r) = -17 - o*r - 55*r + 115*r. Determine x(8).
-9
Let j(b) = -7*b**3 - 35*b**2 - 29*b + 41. Let a(p) = -4*p**3 - 18*p**2 - 15*p + 20. Let l(z) = 5*a(z) - 3*j(z). What is l(-14)?
5
Let n(x) = -x**2. Let f = 100 - 100. Suppose 5*h = -5*a + 25, 0 = 2*a - f - 8. Determine n(h).
-1
Let w(f) = f**2 + 6*f + 1. Let o = -66 + 103. Suppose -35*g = -o*g - 12. Calculate w(g).
1
Let f(y) = y**2 + 7. Let j(m) = 11*m - 15*m - 63 - 14*m - 3*m. Let i be j(-3). Determine f(i).
7
Suppose 178*x + 448 = 402*x. Let i(h) be the first derivative of -1/2*h**x - 5*h + 26. Give i(-6).
1
Let r(c) = c**2 - 18*c - 150. Let l = -539 + 563. Give r(l).
-6
Suppose 4*x + 5*n = 76, 6*x - 4*x + 2*n - 36 = 0. Let c(r) be the first derivative of -8*r**2 - 5*r + r + 6*r**2 + x. Calculate c(3).
-16
Let n(m) be the second derivative of -5*m**3/3 - m**2/2 + 2*m + 39. Let x(q) = -q**3 - 9*q**2 - 11*q - 22. Let d be x(-8). Determine n(d).
-21
Let f = 2545 - 2539. Let d(g) be the third derivative of 0*g + 0*g**3 - f*g**2 + 0 - 1/120*g**6 + 1/12*g**4 - 1/60*g**5. What is d(-3)?
12
Let t(v) = -6*v**2 - 11. Let x(l) = 4*l**2 + 7. Let i(j) = -5*t(j) - 8*x(j). Let q(p) = p**3 + 7*p**2 - 5*p - 1. Let z(k) = -3*i(k) - q(k). What is z(-4)?
32
Let p(j) = 4 - 12*j**2 - 29*j**3 + 19*j**3 - 8*j + 21*j + 9*j**3. Let o = 4 - 17. What is p(o)?
4
Let i(p) = 53 + 30319*p**2 - 30320*p**2 - 13*p + 51*p. Give i(39).
14
Let x(d) be the third derivative of -d**6/120 - d**5/15 + 5*d**4/24 + 7*d**3/6 - 2814*d**2. Give x(-3).
-17
Let m be (99/55)/(2*6/40). Let b(w) be the first derivative of w**2/2 - 4*w - 4. Let c be b(m). Let u(t) = t**3 - 2*t**2 - 2*t + 1. Give u(c).
-3
Suppose -1093 = -3*o - 1072. Let u(g) = 2*g**2 - 7*g - 6. Calculate u(o).
43
Suppose 4*z = 2*n - 4, -3*n - 36 = -8*n - 3*z. Suppose -19*a = -19 - 19. Let p(j) = -13 + 21 + 5*j - j**a - 5. What is p(n)?
-3
Let w(x) = -13*x + 71. Let u(q) = 7*q - 12. Let y(p) = -2*u(p) - w(p). Give y(-15).
-32
Let w(q) = 18 - 2 + 6541*q**2 - 3*q - 19*q - 6539*q**2 + 9. Give w(13).
77
Suppose 890 = 284*q - 1673 - 1981. Let t(i) be the first derivative of 1/3*i**3 + q + 3/2*i**2 - 6*i. What is t(-5)?
4
Let d = -28 + 37. Let l = -3 + d. Let j(s) = -3*s**2 - 4*s**2 + 7*s - 46*s**3 + 47*s**3 - 8. What is j(l)?
-2
Let s(q) be the second derivative of q**4/12 - 13*q**3/6 + 14*q**2 - 2*q - 72. Let d be s(3). Let v(j) = -3*j + 2. Determine v(d).
8
Let s(r) be the second derivative of r**5/20 + 5*r**4/6 - r**3/3 - 7*r**2 + r. Let l be (-2703)/7208 - 154/16. Determine s(l).
6
Let a(q) = -17*q**3 + 4*q**2 - 7*q - 18. Let h(c) = -15*c**3 + 4*c**2 - 7*c - 17. Let p(u) = -8*a(u) + 9*h(u). Determine p(-6).
-39
Suppose 4*t - 154 = 66. Let i be (2 - t/20)*-4. Let m(g) = 10*g**3 - 21*g**3 + i*g**2 + 2*g + 12*g**3. Calculate m(-2).
0
Suppose -4*v + 4*u = 60, 5*u = v - 368 + 419. Let q(m) = 0*m**3 + 9*m - 3*m + 9 + m**3 + 7*m**2. Calculate q(v).
9
Let v(b) = -b**2 + 3. Let m(j) = j**2 + 3*j - 3. Let q be (36/(-4))/3 + 1. Let i be 0/q*(-2)/4. Let n be m(i). Calculate v(n).
-6
Let x(z) = 3*z - z**2 + 10 - 8*z**3 - 2 + 2 + 4*z**3 - 11. Suppose 10*f + 2 = 11*f. Give x(f).
-31
Let s(t) = -2*t**3 + 4*t**2 + 6*t + 11. Let r(k) = -5*k**3 + 13*k**2 + 19*k + 30. Let h(d) = -3*r(d) + 8*s(d). Suppose 4*o + 7 + 17 = 0. What is h(o)?
16
Let p be 3/6 - (-95)/38. Suppose l + 2*a - 6 = 0, -l = a - p*a + 2. Let f(w) = -20*w + 2. What is f(l)?
-38
Let s(c) = 7*c - 36832 + 0*c + 36829. Determine s(15).
102
Let s(v) = -607*v - 55. Let g be s(-1). Let w = -551 + g. Let t(u) = 2*u + 3. Calculate t(w).
5
Let q = 13473 - 13484. Let f(u) = 12*u - 8 + 21 - 8*u**2 - 2*u**3 - 2*u**2 + u**3. What is f(q)?
2
Let v(l) = -3*l + 6. Let g(k) = -8*k**2 + 4*k + 57. Let o be g(-6). Let s = -251 - o. What is v(s)?
-6
Let h = -125 - -130. Suppose -h*t - 27 = -14*t. Let i(f) = -11*f**3 + 135*f**2 + 5*f - 133*f**2 - t + 10*f**3. Determine i(3).
3
Let w(r) be the third derivative of -r**6/120 - r**5/10 + r**4/24 + 7*r**3/6 - 6*r**2 + 123*r. Let g(b) = -b**2 - 4*b - 6. Let p be g(-4). What is w(p)?
1
Suppose h + 2*d = 6, -5*d + 14 = 5*h - 3*d. Let w(k) = 10*k - h*k + 2*k - 3*k**2 - 5 + 2 - k**3 - 3*k**2. Give w(-7).
-24
Let v(n) = 35*n + 1210. Let d be v(-35). Let u(i) = -3*i - 44. What is u(d)?
1
Let i(p) = -p**3 - 23*p**2 + 17*p - 170. Let g be i(-24). Let u(k) = 7 - 3*k**3 - 3 + 2*k - 2*k**2 + k**3 - 2. Give u(g).
6
Let p = -519 - -516. Let r(q) be the third derivative of -q**5/60 - q**4/8 - 5*q**3/6 + 4*q**2. Let k be r(p). Let w(x) = x**2 + 5*x - 5. Calculate w(k).
-5
Let x(q) = 2*q**2 - 36*q - 1654. Let p be x(39). Let v(l) = -3*l - 1. Determine v(p).
47
Let b(x) = 3*x**2 - 12*x + 8. Let c(l) = -2*l**2 + 7*l - 4. Let p be (55/33)/(3/(-9)). Let j(d) = p*c(d) - 3*b(d). What is j(-3)?
2
Let t(h) = -h**3 + h - 3. Suppose -x = 5*c + 5 - 12, 2*x + 10 = 2*c. Determine t(x).
21
Let n(s) = -39*s + 2. Let o(q) = 67*q - 19. Let a(t) = 2*n(t) + o(t). Calculate a(-4).
29
Let y(m) = 2*m + 78. Let d(x) = -4*x - 68. Let v(n) = 4*d(n) + 6*y(n). Give v(48).
4
Let p(u) be the first derivative of 177 - 1/2*u**2 + 6*u. Determine p(-12).
18
Let i(s) = 3*s + 1. Let l be 112/32 + (-2)/4. Suppose -l*z + 4*m = 4, -3*z - 5*m = -4 - 1. Suppose -k + 0*k + 4 = z. Calculate i(k).
13
Suppose 0 = 132099*w - 132098*w + 3. Let n(s) = -8*s**2 - s + 8. What is n(w)?
-61
Let b(h) = h**3 - 4*h**2 + 2*h - 2. Let s = -6 + 6. Suppose 4*p - 379 + 55 = s. Let i be (-16)/(-6) - (-27)/p. Determine b(i).
-5
Let m = 39 + -47. Let t(j) = -6*j**3 - 2*j**2 + 4*j + 2. Let z(y) = 7*y**3 + y**2 - 3*y. Let g(r) = -6*t(r) - 5*z(r). Determine g(m).
-4
Let q = -82 - -94. Let i(t) = -36 + q*t - 5*t - 11*t + 40. Give i(3).
-8
Let y(p) = p**2. Let b(t) be the second derivative of t**4/2 + t**3/3 - t**2/2 + 26*t. Let s(r) = -b(r) + y(r). Calculate s(-2).
-15
Let l(t) = 2*t**2 - 5*t. Let h(x) = -7*x**2 + 14*x - 25. Let u(v) = h(v) + 3*l(v). Determine u(0).
-25
Let x(g) = -3*g**2 - 2*g - 2. Let u(y) be the third derivative of -2*y**5/15 - 7*y**4/24 - y**3 - 52*y**2. Let a(b) = -4*u(b) + 11*x(b). What is a(7)?
-5
Let c = -4 - 3. Let r(x) = -x**3 + 8*x**2 - 10*x + 4. Let a = -73 - -71. Let q(v) = -3*v**3 + 17*v**2 - 21*v + 9. Let b(l) = a*q(l) + 5*r(l). What is b(c)?
9
Let x(n) = -n**2 - 6*n - 4. Suppose -171 + 3 = -24*z. Suppose -2*b = b - 12, 3*i + 5*b + z = 0. Give x(i).
-31
Let x(b) = -10*b**2 + 20 + 60 + 11*b**2 + 54 - 24*b. Calculate x(8).
6
Let o(t) = -6*t - 44. Let a(f) = 275*f - 7437. Let v be a(27). Calculate o(v).
28
Let x(o) = -3*o - 3 - o + 4 - o**2 + o**3. Let j = -117 - -175. Let c = 61 - j. What is x(c)?
7
Let l = -15472 + 15472. Let f(x) = x**3 + 31. Determine f(l).
31
Let a = -2548 - -2540. Let i(k) = 13*k + 104. Calculate i(a).
0
Let n = 529 - 525. Let a(c) = 5*c - 4. Let w(g) = 26*g - 21. Let h(s) = -22*a(s) + 4*w(s). What is h(n)?
-20
Let i(g) be the second derivative of g**5/20 + 5*g**4/6 + 3*g**3/2 + g**2/2 - 2*g. Suppose 0 = 4*l - 11 + 43, 0 